


{"id":459,"date":"2017-09-06T10:38:18","date_gmt":"2017-09-06T10:38:18","guid":{"rendered":"https:\/\/serwer420795.lh.pl\/autoinstalator\/serwer420795.lh.pl\/wordpress151603\/?page_id=459"},"modified":"2026-02-26T19:19:12","modified_gmt":"2026-02-26T18:19:12","slug":"she-med","status":"publish","type":"page","link":"https:\/\/www.ginekologiatomaszow.pl\/","title":{"rendered":"She Med"},"content":{"rendered":"<div class=\"wpb-content-wrapper\"><p>[vc_row full_width=&#8221;stretch_row&#8221;][vc_column][rev_slider_vc alias=&#8221;slider-1&#8243;][vc_empty_space height=&#8221;20px&#8221; alter_height=&#8221;huge&#8221; hide_on_desktop=&#8221;&#8221; hide_on_notebook=&#8221;&#8221; hide_on_tablet=&#8221;&#8221; hide_on_mobile=&#8221;&#8221;][\/vc_column][\/vc_row][vc_row full_width=&#8221;stretch_row_content_no_spaces&#8221; equal_height=&#8221;yes&#8221; hide_bg_image_on_tablet=&#8221;&#8221; hide_bg_image_on_mobile=&#8221;&#8221; el_class=&#8221;sc_layouts_741&#8243;][vc_column fix_column=&#8221;&#8221; hide_bg_image_on_tablet=&#8221;&#8221; hide_bg_image_on_mobile=&#8221;&#8221; icons_position=&#8221;left&#8221; css=&#8221;.vc_custom_1771315679813{background-image: url(http:\/\/serwer420795.lh.pl\/autoinstalator\/serwer420795.lh.pl\/wordpress151603\/wp-content\/uploads\/2026\/02\/young-pregnant-business-woman-working-computer-office-scaled.png?id=1192) !important;background-position: center !important;background-repeat: no-repeat !important;background-size: cover !important;}&#8221; offset=&#8221;vc_col-md-6&#8243;][vc_row_inner][vc_column_inner icons_position=&#8221;left&#8221;]<div class=\"sc_content_wrap sc_push_medium\"><div id=\"sc_content_1343419493\"\r\n\t\tclass=\"sc_content color_style_default scheme_dark sc_content_default sc_content_width_50p sc_float_left sc_padding_tiny  vc_custom_1771855254981\"><div class=\"sc_content_container\"><div id=\"sc_icons_1277877825\" \r\n\tclass=\"sc_icons sc_icons_default sc_icons_size_medium sc_align_left\"><div class=\"sc_icons_item sc_icons_item_linked\"><div class=\"sc_icons_image\"><img loading=\"lazy\" decoding=\"async\" src=\"https:\/\/www.ginekologiatomaszow.pl\/wp-content\/uploads\/2017\/09\/book.png\" alt=\"\" width=\"96\" height=\"96\"><\/div><h4 class=\"sc_icons_item_title\"><span>Rejestracja i Wsparcie Pacjenta<\/span><\/h4><div class=\"sc_icons_item_description\"><span>+48 600 219 675<\/span><\/div><a href=\"tel:+48%20600%20219%20675\" class=\"sc_icons_item_link\"><\/a><\/div><\/div><!-- \/.sc_icons --><\/div><\/div><!-- \/.sc_content --><\/div><!-- \/.sc_content_wrap -->[\/vc_column_inner][\/vc_row_inner]<div id=\"sc_content_1111229859\"\r\n\t\tclass=\"sc_content color_style_default sc_content_default sc_content_width_50p sc_float_right sc_margin_small\"><div class=\"sc_content_container\">[vc_empty_space alter_height=&#8221;huge&#8221; hide_on_desktop=&#8221;&#8221; hide_on_notebook=&#8221;&#8221; hide_on_tablet=&#8221;&#8221; hide_on_mobile=&#8221;&#8221;]<div id=\"sc_title_1914986942\"\r\n\t\tclass=\"sc_title color_style_default sc_title_default\"><h6 class=\"sc_item_subtitle sc_title_subtitle sc_align_right sc_item_title_style_default\"><span>Witamy w She Med<\/span><\/h6><h3 class=\"sc_item_title sc_title_title sc_align_right sc_item_title_style_default\">Gabinet Ginekologiczny<br \/>\ni Po\u0142o\u017cniczy<\/h3><div class=\"sc_item_button sc_button_wrap sc_align_right\"><a href=\"\/uslugi\/\" id=\"sc_button_1646695997\" class=\"sc_button color_style_default sc_button_default sc_item_button sc_item_button_default sc_title_button sc_button_size_normal sc_button_icon_left\"><span class=\"sc_button_text\"><span class=\"sc_button_title\">Make an Appointment<\/span><\/span><!-- \/.sc_button_text --><\/a><!-- \/.sc_button --><\/div><!-- \/.sc_item_button --><\/div><!-- \/.sc_title --><\/div><\/div><!-- \/.sc_content -->[vc_row_inner][vc_column_inner icons_position=&#8221;left&#8221; offset=&#8221;vc_hidden-lg vc_hidden-md&#8221;][vc_empty_space alter_height=&#8221;huge&#8221; hide_on_desktop=&#8221;&#8221; hide_on_notebook=&#8221;&#8221; hide_on_tablet=&#8221;&#8221; hide_on_mobile=&#8221;&#8221;][\/vc_column_inner][\/vc_row_inner][\/vc_column][vc_column fix_column=&#8221;&#8221; icons_position=&#8221;left&#8221; offset=&#8221;vc_col-md-6&#8243;]<div id=\"sc_services_1900368599\" class=\"sc_services color_style_default sc_services_default sc_services_featured_top\"><div class=\"sc_services_columns_wrap sc_item_columns sc_item_columns_2 trx_addons_columns_wrap columns_padding_bottom no_margin\"><div class=\"trx_addons_column-1_2\"><div class=\"sc_services_item with_content with_image sc_services_item_featured_top\">\n\t<div class=\"post_featured with_thumb hover_icon sc_services_item_thumb\"><img loading=\"lazy\" decoding=\"async\" width=\"96\" height=\"96\" src=\"https:\/\/www.ginekologiatomaszow.pl\/wp-content\/uploads\/2017\/09\/drugs-3.png\" class=\"attachment-angela-thumb-big size-angela-thumb-big wp-post-image\" alt=\"\" \/><div class=\"mask\"><\/div><div class=\"icons\"><a href=\"https:\/\/www.ginekologiatomaszow.pl\/index.php\/services\/nieplodnosc\/\" aria-hidden=\"true\" class=\"icon-view\"><\/a><\/div><\/div>\t\n\t<div class=\"sc_services_item_info\">\n\t\t<div class=\"sc_services_item_header\">\n\t\t\t<h6 class=\"sc_services_item_title\"><a href=\"https:\/\/www.ginekologiatomaszow.pl\/index.php\/services\/nieplodnosc\/\">Niep\u0142odno\u015b\u0107<\/a><\/h6>\n\t\t<\/div>\n\t\t\t\t\t<div class=\"sc_services_item_content\"><p>Kompleksowa opieka medyczna ukierunkowana na szybkie ustalenie przyczyny trudno\u015bci z zaj\u015bciem w ci\u0105\u017c\u0119.<\/p>\n<\/div>\n\t\t\t<div class=\"sc_services_item_button sc_item_button\"><a href=\"https:\/\/www.ginekologiatomaszow.pl\/index.php\/services\/nieplodnosc\/\" class=\"sc_button sc_button_iconed\"><span class=\"sc_button_icon\"><span class=\"icon-double-right\"><\/span><\/span><\/a><\/div>\n\t\t\t<\/div>\n<\/div>\n<\/div><div class=\"trx_addons_column-1_2\"><div class=\"sc_services_item with_content with_image sc_services_item_featured_top\">\n\t<div class=\"post_featured with_thumb hover_icon sc_services_item_thumb\"><img loading=\"lazy\" decoding=\"async\" width=\"96\" height=\"96\" src=\"https:\/\/www.ginekologiatomaszow.pl\/wp-content\/uploads\/2017\/09\/micro.png\" class=\"attachment-angela-thumb-big size-angela-thumb-big wp-post-image\" alt=\"\" \/><div class=\"mask\"><\/div><div class=\"icons\"><a href=\"https:\/\/www.ginekologiatomaszow.pl\/index.php\/services\/poloznictwo\/\" aria-hidden=\"true\" class=\"icon-view\"><\/a><\/div><\/div>\t\n\t<div class=\"sc_services_item_info\">\n\t\t<div class=\"sc_services_item_header\">\n\t\t\t<h6 class=\"sc_services_item_title\"><a href=\"https:\/\/www.ginekologiatomaszow.pl\/index.php\/services\/poloznictwo\/\">Po\u0142o\u017cnictwo<\/a><\/h6>\n\t\t<\/div>\n\t\t\t\t\t<div class=\"sc_services_item_content\"><p>Kompleksowa opieka nad kobiet\u0105 w ci\u0105\u017cy \u2013 od pierwszej wizyty po okres po\u0142ogu, z pe\u0142nym wsparciem.<\/p>\n<\/div>\n\t\t\t<div class=\"sc_services_item_button sc_item_button\"><a href=\"https:\/\/www.ginekologiatomaszow.pl\/index.php\/services\/poloznictwo\/\" class=\"sc_button sc_button_iconed\"><span class=\"sc_button_icon\"><span class=\"icon-double-right\"><\/span><\/span><\/a><\/div>\n\t\t\t<\/div>\n<\/div>\n<\/div><div class=\"trx_addons_column-1_2\"><div class=\"sc_services_item with_content with_image sc_services_item_featured_top\">\n\t<div class=\"post_featured with_thumb hover_icon sc_services_item_thumb\"><img loading=\"lazy\" decoding=\"async\" width=\"96\" height=\"96\" src=\"https:\/\/www.ginekologiatomaszow.pl\/wp-content\/uploads\/2017\/09\/gine.png\" class=\"attachment-angela-thumb-big size-angela-thumb-big wp-post-image\" alt=\"\" \/><div class=\"mask\"><\/div><div class=\"icons\"><a href=\"https:\/\/www.ginekologiatomaszow.pl\/index.php\/services\/ginekologia\/\" aria-hidden=\"true\" class=\"icon-view\"><\/a><\/div><\/div>\t\n\t<div class=\"sc_services_item_info\">\n\t\t<div class=\"sc_services_item_header\">\n\t\t\t<h6 class=\"sc_services_item_title\"><a href=\"https:\/\/www.ginekologiatomaszow.pl\/index.php\/services\/ginekologia\/\">Ginekologia<\/a><\/h6>\n\t\t<\/div>\n\t\t\t\t\t<div class=\"sc_services_item_content\"><p>Kompleksowa diagnostyka i leczenie schorze\u0144 ginekologicznych na ka\u017cdym etapie \u017cycia kobiety \u2013 od profilaktyki po specjalistyczn\u0105 terapi\u0119.<\/p>\n<\/div>\n\t\t\t<div class=\"sc_services_item_button sc_item_button\"><a href=\"https:\/\/www.ginekologiatomaszow.pl\/index.php\/services\/ginekologia\/\" class=\"sc_button sc_button_iconed\"><span class=\"sc_button_icon\"><span class=\"icon-double-right\"><\/span><\/span><\/a><\/div>\n\t\t\t<\/div>\n<\/div>\n<\/div><div class=\"trx_addons_column-1_2\"><div class=\"sc_services_item with_content with_image sc_services_item_featured_top\">\n\t<div class=\"post_featured with_thumb hover_icon sc_services_item_thumb\"><img loading=\"lazy\" decoding=\"async\" width=\"96\" height=\"96\" src=\"https:\/\/www.ginekologiatomaszow.pl\/wp-content\/uploads\/2017\/09\/pol.png\" class=\"attachment-angela-thumb-big size-angela-thumb-big wp-post-image\" alt=\"\" \/><div class=\"mask\"><\/div><div class=\"icons\"><a href=\"https:\/\/www.ginekologiatomaszow.pl\/index.php\/services\/polozna\/\" aria-hidden=\"true\" class=\"icon-view\"><\/a><\/div><\/div>\t\n\t<div class=\"sc_services_item_info\">\n\t\t<div class=\"sc_services_item_header\">\n\t\t\t<h6 class=\"sc_services_item_title\"><a href=\"https:\/\/www.ginekologiatomaszow.pl\/index.php\/services\/polozna\/\">Po\u0142o\u017cna<\/a><\/h6>\n\t\t<\/div>\n\t\t\t\t\t<div class=\"sc_services_item_content\"><p>Profesjonalne wsparcie po\u0142o\u017cnej na ka\u017cdym etapie \u2013 od ko\u0144c\u00f3wki ci\u0105\u017cy, przez por\u00f3d, a\u017c po pierwsze tygodnie \u017cycia dziecka.<\/p>\n<\/div>\n\t\t\t<div class=\"sc_services_item_button sc_item_button\"><a href=\"https:\/\/www.ginekologiatomaszow.pl\/index.php\/services\/polozna\/\" class=\"sc_button sc_button_iconed\"><span class=\"sc_button_icon\"><span class=\"icon-double-right\"><\/span><\/span><\/a><\/div>\n\t\t\t<\/div>\n<\/div>\n<\/div><\/div><\/div><!-- \/.sc_services -->[\/vc_column][\/vc_row][vc_row][vc_column icons_position=&#8221;left&#8221;][vc_empty_space alter_height=&#8221;huge&#8221; hide_on_desktop=&#8221;&#8221; hide_on_notebook=&#8221;&#8221; hide_on_tablet=&#8221;&#8221; hide_on_mobile=&#8221;&#8221;]<div id=\"sc_title_690180315\"\r\n\t\tclass=\"sc_title color_style_default sc_title_default\"><h6 class=\"sc_item_subtitle sc_title_subtitle sc_align_center sc_item_title_style_default\"><span>Skontaktuj si\u0119 z nami<\/span><\/h6><h3 class=\"sc_item_title sc_title_title sc_align_center sc_item_title_style_default\">Kontakt<\/h3><\/div><!-- \/.sc_title -->[vc_empty_space alter_height=&#8221;large&#8221; hide_on_desktop=&#8221;&#8221; hide_on_notebook=&#8221;&#8221; hide_on_tablet=&#8221;&#8221; hide_on_mobile=&#8221;&#8221; css=&#8221;.vc_custom_1511860466048{margin-bottom: 4.3rem !important;}&#8221;][\/vc_column][\/vc_row][vc_row][vc_column icons_position=&#8221;left&#8221;]<div id=\"sc_icons_259078156\" \r\n\tclass=\"sc_icons sc_icons_default sc_icons_size_small sc_align_center\"><div class=\"sc_icons_columns_wrap sc_item_columns trx_addons_columns_wrap columns_padding_bottom\"><div class=\"trx_addons_column-1_3\"><div class=\"sc_icons_item\"><div class=\"sc_icons_image\"><img loading=\"lazy\" decoding=\"async\" src=\"https:\/\/www.ginekologiatomaszow.pl\/wp-content\/uploads\/2017\/09\/phone.png\" alt=\"\" width=\"96\" height=\"96\"><\/div><h4 class=\"sc_icons_item_title\"><span>Zadzwo\u0144 do nas:<\/span><\/h4><div class=\"sc_icons_item_description\"><span><a href=\"tel: +48 600 219 675\"> +48 600 219 675<\/a><\/span><\/div><\/div><\/div><div class=\"trx_addons_column-1_3\"><div class=\"sc_icons_item\"><div class=\"sc_icons_image\"><img loading=\"lazy\" decoding=\"async\" src=\"https:\/\/www.ginekologiatomaszow.pl\/wp-content\/uploads\/2017\/09\/visit.png\" alt=\"\" width=\"96\" height=\"96\"><\/div><h4 class=\"sc_icons_item_title\"><span>Adres gabinetu:<\/span><\/h4><div class=\"sc_icons_item_description\"><span>\u015awi\u0119tego Antoniego 18, lokal u\u017cytkowy nr. 4, 97-200 Tomasz\u00f3w Mazowiecki<\/span><\/div><\/div><\/div><div class=\"trx_addons_column-1_3\"><div class=\"sc_icons_item sc_icons_item_linked\"><div class=\"sc_icons_image\"><img loading=\"lazy\" decoding=\"async\" src=\"https:\/\/www.ginekologiatomaszow.pl\/wp-content\/uploads\/2017\/09\/send-a-message.png\" alt=\"\" width=\"96\" height=\"96\"><\/div><h4 class=\"sc_icons_item_title\"><span>Wy\u015blij wiadomo\u015b\u0107:<\/span><\/h4><div class=\"sc_icons_item_description\"><span>kontakt@ginekologiatomaszow.pl<\/span><\/div><a href=\"mailto:kontakt@ginekologiatomaszow.pl\" class=\"sc_icons_item_link\"><\/a><\/div><\/div><\/div><\/div><!-- \/.sc_icons -->[vc_empty_space alter_height=&#8221;huge&#8221; hide_on_desktop=&#8221;&#8221; hide_on_notebook=&#8221;&#8221; hide_on_tablet=&#8221;&#8221; hide_on_mobile=&#8221;&#8221; css=&#8221;.vc_custom_1511860426247{margin-bottom: -2.7rem !important;}&#8221;][\/vc_column][\/vc_row]<\/p>\n<\/div>","protected":false},"excerpt":{"rendered":"<p>[vc_row full_width=&#8221;stretch_row&#8221;][vc_column][rev_slider_vc alias=&#8221;slider-1&#8243;][vc_empty_space height=&#8221;20px&#8221; alter_height=&#8221;huge&#8221; hide_on_desktop=&#8221;&#8221; hide_on_notebook=&#8221;&#8221; hide_on_tablet=&#8221;&#8221; hide_on_mobile=&#8221;&#8221;][\/vc_column][\/vc_row][vc_row full_width=&#8221;stretch_row_content_no_spaces&#8221; equal_height=&#8221;yes&#8221; hide_bg_image_on_tablet=&#8221;&#8221; hide_bg_image_on_mobile=&#8221;&#8221; el_class=&#8221;sc_layouts_741&#8243;][vc_column fix_column=&#8221;&#8221; hide_bg_image_on_tablet=&#8221;&#8221; hide_bg_image_on_mobile=&#8221;&#8221; icons_position=&#8221;left&#8221; css=&#8221;.vc_custom_1771315679813{background-image: url(http:\/\/serwer420795.lh.pl\/autoinstalator\/serwer420795.lh.pl\/wordpress151603\/wp-content\/uploads\/2026\/02\/young-pregnant-business-woman-working-computer-office-scaled.png?id=1192) !important;background-position: center !important;background-repeat: no-repeat !important;background-size: cover !important;}&#8221; offset=&#8221;vc_col-md-6&#8243;][vc_row_inner][vc_column_inner icons_position=&#8221;left&#8221;][\/vc_column_inner][\/vc_row_inner][vc_row_inner][vc_column_inner icons_position=&#8221;left&#8221; offset=&#8221;vc_hidden-lg vc_hidden-md&#8221;][vc_empty_space alter_height=&#8221;huge&#8221; hide_on_desktop=&#8221;&#8221; hide_on_notebook=&#8221;&#8221; hide_on_tablet=&#8221;&#8221; hide_on_mobile=&#8221;&#8221;][\/vc_column_inner][\/vc_row_inner][\/vc_column][vc_column fix_column=&#8221;&#8221; icons_position=&#8221;left&#8221; offset=&#8221;vc_col-md-6&#8243;][\/vc_column][\/vc_row][vc_row][vc_column icons_position=&#8221;left&#8221;][vc_empty_space alter_height=&#8221;huge&#8221; hide_on_desktop=&#8221;&#8221; hide_on_notebook=&#8221;&#8221; hide_on_tablet=&#8221;&#8221; hide_on_mobile=&#8221;&#8221;][vc_empty_space alter_height=&#8221;large&#8221; hide_on_desktop=&#8221;&#8221; hide_on_notebook=&#8221;&#8221; hide_on_tablet=&#8221;&#8221; hide_on_mobile=&#8221;&#8221; css=&#8221;.vc_custom_1511860466048{margin-bottom: 4.3rem !important;}&#8221;][\/vc_column][\/vc_row][vc_row][vc_column icons_position=&#8221;left&#8221;][vc_empty_space alter_height=&#8221;huge&#8221; hide_on_desktop=&#8221;&#8221; hide_on_notebook=&#8221;&#8221; hide_on_tablet=&#8221;&#8221; hide_on_mobile=&#8221;&#8221;&hellip;<\/p>\n","protected":false},"author":1,"featured_media":0,"parent":0,"menu_order":0,"comment_status":"closed","ping_status":"closed","template":"","meta":{"footnotes":""},"class_list":["post-459","page","type-page","status-publish","hentry"],"aioseo_notices":[],"_links":{"self":[{"href":"https:\/\/www.ginekologiatomaszow.pl\/index.php\/wp-json\/wp\/v2\/pages\/459","targetHints":{"allow":["GET"]}}],"collection":[{"href":"https:\/\/www.ginekologiatomaszow.pl\/index.php\/wp-json\/wp\/v2\/pages"}],"about":[{"href":"https:\/\/www.ginekologiatomaszow.pl\/index.php\/wp-json\/wp\/v2\/types\/page"}],"author":[{"embeddable":true,"href":"https:\/\/www.ginekologiatomaszow.pl\/index.php\/wp-json\/wp\/v2\/users\/1"}],"replies":[{"embeddable":true,"href":"https:\/\/www.ginekologiatomaszow.pl\/index.php\/wp-json\/wp\/v2\/comments?post=459"}],"version-history":[{"count":43,"href":"https:\/\/www.ginekologiatomaszow.pl\/index.php\/wp-json\/wp\/v2\/pages\/459\/revisions"}],"predecessor-version":[{"id":1519,"href":"https:\/\/www.ginekologiatomaszow.pl\/index.php\/wp-json\/wp\/v2\/pages\/459\/revisions\/1519"}],"wp:attachment":[{"href":"https:\/\/www.ginekologiatomaszow.pl\/index.php\/wp-json\/wp\/v2\/media?parent=459"}],"curies":[{"name":"wp","href":"https:\/\/api.w.org\/{rel}","templated":true}]}}